{"id":118,"date":"2021-04-13T07:15:50","date_gmt":"2021-04-13T07:15:50","guid":{"rendered":"http:\/\/euroklimat.com.vn\/home\/?page_id=118"},"modified":"2021-04-13T16:09:09","modified_gmt":"2021-04-13T16:09:09","slug":"our-plants-quality-management","status":"publish","type":"page","link":"https:\/\/euroklimat.com.vn\/home\/about-us\/our-plants-quality-management\/","title":{"rendered":"OUR PLANTS &#038; QUALITY"},"content":{"rendered":"<table style=\"border-collapse: collapse; width: 100%;\">\n<tbody>\n<tr>\n<td style=\"width: 33.3333%;\"><img loading=\"lazy\" decoding=\"async\" class=\"alignnone size-medium wp-image-119\" src=\"http:\/\/euroklimat.com.vn\/home\/wp-content\/uploads\/2021\/04\/stabilimento1-300x200.jpg\" alt=\"\" width=\"300\" height=\"200\" srcset=\"https:\/\/euroklimat.com.vn\/home\/wp-content\/uploads\/2021\/04\/stabilimento1-300x200.jpg 300w, https:\/\/euroklimat.com.vn\/home\/wp-content\/uploads\/2021\/04\/stabilimento1.jpg 500w\" sizes=\"auto, (max-width: 300px) 100vw, 300px\" \/><\/td>\n<td style=\"width: 33.3333%;\"><img loading=\"lazy\" decoding=\"async\" class=\"alignnone size-medium wp-image-120\" src=\"http:\/\/euroklimat.com.vn\/home\/wp-content\/uploads\/2021\/04\/stabilimento2-300x200.jpg\" alt=\"\" width=\"300\" height=\"200\" srcset=\"https:\/\/euroklimat.com.vn\/home\/wp-content\/uploads\/2021\/04\/stabilimento2-300x200.jpg 300w, https:\/\/euroklimat.com.vn\/home\/wp-content\/uploads\/2021\/04\/stabilimento2.jpg 500w\" sizes=\"auto, (max-width: 300px) 100vw, 300px\" \/><\/td>\n<td style=\"width: 33.3333%;\"><img loading=\"lazy\" decoding=\"async\" class=\"alignnone size-medium wp-image-121\" src=\"http:\/\/euroklimat.com.vn\/home\/wp-content\/uploads\/2021\/04\/stabilimento3-300x200.jpg\" alt=\"\" width=\"300\" height=\"200\" srcset=\"https:\/\/euroklimat.com.vn\/home\/wp-content\/uploads\/2021\/04\/stabilimento3-300x200.jpg 300w, https:\/\/euroklimat.com.vn\/home\/wp-content\/uploads\/2021\/04\/stabilimento3.jpg 500w\" sizes=\"auto, (max-width: 300px) 100vw, 300px\" \/><\/td>\n<\/tr>\n<\/tbody>\n<\/table>\n<h4>Over 50 years of business<\/h4>\n<p>Since we set up business in 1963, the company&#8217;s head offices have always been in Italy, near Milan. Today, our aim is to be a market leader in chillers with natural refrigerant (propane): by doing this, we are helping the industry to become more efficient, preserving natural resources and protecting the environment.<\/p>\n<h4>Organisation in Italy<\/h4>\n<p>At our Italian plant spread over an area of 5,000 square metres, with a work force of 50 people, Euroklimat designs and produces refrigeration units, heat pumps and precision air conditioners that can be used both in industrial processes and traditional comfort applications.<\/p>\n<h4>Infinite quality<\/h4>\n<p>Euroklimat firmly believes that Customer Satisfaction is an indispensable factor for success. A priority objective to achieve this result is the constant improvement of our products, services and the relative production processes. This objective means involving all of the company&#8217;s resources with planned, systematic activities for Quality; for this reason, our system complies with the international standard UNI EN ISO 9001:2015.<\/p>\n<h4>Internationalisation<\/h4>\n<p>The general trend towards globalisation over the last few years, which Euroklimat has been keen to be a part of, has benefited contacts and openings towards different markets in terms of both needs and traditions. Euroklimat has also been able to take advantage of this beneficial exchange of information, which resulted in the collaboration with a Chinese partner, giving rise to Guangdong EuroKlimat Air-conditioning &amp; Refrigeration.<\/p>\n<h4>Organisation in China<\/h4>\n<p>Our plant covers a surface of approximately 100,000 square metres, with over 800 people and includes a large test chamber and a sophisticated R&amp;D laboratory, in addition to real production departments, where the performance of the units is measured before being placed on the market.<\/p>\n","protected":false},"excerpt":{"rendered":"<p>Over 50 years of business Since we set up business in 1963, the company&#8217;s head offices have always been in Italy, near Milan. Today, our aim is to be a market leader in chillers with natural refrigerant (propane): by doing this, we are helping the industry to become more efficient, preserving natural resources and protecting [&hellip;]<\/p>\n","protected":false},"author":1,"featured_media":0,"parent":114,"menu_order":10,"comment_status":"closed","ping_status":"closed","template":"about_us.php","meta":{"footnotes":""},"class_list":["post-118","page","type-page","status-publish","hentry"],"yoast_head":"<!-- This site is optimized with the Yoast SEO plugin v23.8 - https:\/\/yoast.com\/wordpress\/plugins\/seo\/ -->\n<title>OUR PLANTS &amp; QUALITY - Euroklimat Vi\u1ec7t Nam<\/title>\n<meta name=\"robots\" content=\"index, follow, max-snippet:-1, max-image-preview:large, max-video-preview:-1\" \/>\n<link rel=\"canonical\" href=\"https:\/\/euroklimat.com.vn\/home\/about-us\/our-plants-quality-management\/\" \/>\n<meta property=\"og:locale\" content=\"vi_VN\" \/>\n<meta property=\"og:type\" content=\"article\" \/>\n<meta property=\"og:title\" content=\"OUR PLANTS &amp; QUALITY - Euroklimat Vi\u1ec7t Nam\" \/>\n<meta property=\"og:description\" content=\"Over 50 years of business Since we set up business in 1963, the company&#8217;s head offices have always been in Italy, near Milan. Today, our aim is to be a market leader in chillers with natural refrigerant (propane): by doing this, we are helping the industry to become more efficient, preserving natural resources and protecting [&hellip;]\" \/>\n<meta property=\"og:url\" content=\"https:\/\/euroklimat.com.vn\/home\/about-us\/our-plants-quality-management\/\" \/>\n<meta property=\"og:site_name\" content=\"Euroklimat Vi\u1ec7t Nam\" \/>\n<meta property=\"article:modified_time\" content=\"2021-04-13T16:09:09+00:00\" \/>\n<meta property=\"og:image\" content=\"http:\/\/euroklimat.com.vn\/home\/wp-content\/uploads\/2021\/04\/stabilimento1-300x200.jpg\" \/>\n<meta name=\"twitter:card\" content=\"summary_large_image\" \/>\n<meta name=\"twitter:label1\" content=\"\u01af\u1edbc t\u00ednh th\u1eddi gian \u0111\u1ecdc\" \/>\n\t<meta name=\"twitter:data1\" content=\"1 ph\u00fat\" \/>\n<script type=\"application\/ld+json\" class=\"yoast-schema-graph\">{\"@context\":\"https:\/\/schema.org\",\"@graph\":[{\"@type\":\"WebPage\",\"@id\":\"https:\/\/euroklimat.com.vn\/home\/about-us\/our-plants-quality-management\/\",\"url\":\"https:\/\/euroklimat.com.vn\/home\/about-us\/our-plants-quality-management\/\",\"name\":\"OUR PLANTS & QUALITY - Euroklimat Vi\u1ec7t Nam\",\"isPartOf\":{\"@id\":\"https:\/\/euroklimat.com.vn\/home\/#website\"},\"primaryImageOfPage\":{\"@id\":\"https:\/\/euroklimat.com.vn\/home\/about-us\/our-plants-quality-management\/#primaryimage\"},\"image\":{\"@id\":\"https:\/\/euroklimat.com.vn\/home\/about-us\/our-plants-quality-management\/#primaryimage\"},\"thumbnailUrl\":\"http:\/\/euroklimat.com.vn\/home\/wp-content\/uploads\/2021\/04\/stabilimento1-300x200.jpg\",\"datePublished\":\"2021-04-13T07:15:50+00:00\",\"dateModified\":\"2021-04-13T16:09:09+00:00\",\"breadcrumb\":{\"@id\":\"https:\/\/euroklimat.com.vn\/home\/about-us\/our-plants-quality-management\/#breadcrumb\"},\"inLanguage\":\"vi\",\"potentialAction\":[{\"@type\":\"ReadAction\",\"target\":[\"https:\/\/euroklimat.com.vn\/home\/about-us\/our-plants-quality-management\/\"]}]},{\"@type\":\"ImageObject\",\"inLanguage\":\"vi\",\"@id\":\"https:\/\/euroklimat.com.vn\/home\/about-us\/our-plants-quality-management\/#primaryimage\",\"url\":\"https:\/\/euroklimat.com.vn\/home\/wp-content\/uploads\/2021\/04\/stabilimento1.jpg\",\"contentUrl\":\"https:\/\/euroklimat.com.vn\/home\/wp-content\/uploads\/2021\/04\/stabilimento1.jpg\",\"width\":500,\"height\":333},{\"@type\":\"BreadcrumbList\",\"@id\":\"https:\/\/euroklimat.com.vn\/home\/about-us\/our-plants-quality-management\/#breadcrumb\",\"itemListElement\":[{\"@type\":\"ListItem\",\"position\":1,\"name\":\"Trang ch\u1ee7\",\"item\":\"https:\/\/euroklimat.com.vn\/home\/\"},{\"@type\":\"ListItem\",\"position\":2,\"name\":\"ABOUT US\",\"item\":\"https:\/\/euroklimat.com.vn\/home\/about-us\/\"},{\"@type\":\"ListItem\",\"position\":3,\"name\":\"OUR PLANTS &#038; QUALITY\"}]},{\"@type\":\"WebSite\",\"@id\":\"https:\/\/euroklimat.com.vn\/home\/#website\",\"url\":\"https:\/\/euroklimat.com.vn\/home\/\",\"name\":\"Euroklimat Vi\u1ec7t Nam\",\"description\":\"\u0110i\u1ec1u h\u00f2a Euroklimat | \u0110i\u1ec1u h\u00f2a EK | \u0110i\u1ec1u h\u00f2a trung t\u00e2m Euroklimat | \u0110i\u1ec1u h\u00f2a ch\u00ednh x\u00e1c Euroklimat\",\"potentialAction\":[{\"@type\":\"SearchAction\",\"target\":{\"@type\":\"EntryPoint\",\"urlTemplate\":\"https:\/\/euroklimat.com.vn\/home\/?s={search_term_string}\"},\"query-input\":{\"@type\":\"PropertyValueSpecification\",\"valueRequired\":true,\"valueName\":\"search_term_string\"}}],\"inLanguage\":\"vi\"}]}<\/script>\n<!-- \/ Yoast SEO plugin. -->","yoast_head_json":{"title":"OUR PLANTS & QUALITY - Euroklimat Vi\u1ec7t Nam","robots":{"index":"index","follow":"follow","max-snippet":"max-snippet:-1","max-image-preview":"max-image-preview:large","max-video-preview":"max-video-preview:-1"},"canonical":"https:\/\/euroklimat.com.vn\/home\/about-us\/our-plants-quality-management\/","og_locale":"vi_VN","og_type":"article","og_title":"OUR PLANTS & QUALITY - Euroklimat Vi\u1ec7t Nam","og_description":"Over 50 years of business Since we set up business in 1963, the company&#8217;s head offices have always been in Italy, near Milan. Today, our aim is to be a market leader in chillers with natural refrigerant (propane): by doing this, we are helping the industry to become more efficient, preserving natural resources and protecting [&hellip;]","og_url":"https:\/\/euroklimat.com.vn\/home\/about-us\/our-plants-quality-management\/","og_site_name":"Euroklimat Vi\u1ec7t Nam","article_modified_time":"2021-04-13T16:09:09+00:00","og_image":[{"url":"http:\/\/euroklimat.com.vn\/home\/wp-content\/uploads\/2021\/04\/stabilimento1-300x200.jpg"}],"twitter_card":"summary_large_image","twitter_misc":{"\u01af\u1edbc t\u00ednh th\u1eddi gian \u0111\u1ecdc":"1 ph\u00fat"},"schema":{"@context":"https:\/\/schema.org","@graph":[{"@type":"WebPage","@id":"https:\/\/euroklimat.com.vn\/home\/about-us\/our-plants-quality-management\/","url":"https:\/\/euroklimat.com.vn\/home\/about-us\/our-plants-quality-management\/","name":"OUR PLANTS & QUALITY - Euroklimat Vi\u1ec7t Nam","isPartOf":{"@id":"https:\/\/euroklimat.com.vn\/home\/#website"},"primaryImageOfPage":{"@id":"https:\/\/euroklimat.com.vn\/home\/about-us\/our-plants-quality-management\/#primaryimage"},"image":{"@id":"https:\/\/euroklimat.com.vn\/home\/about-us\/our-plants-quality-management\/#primaryimage"},"thumbnailUrl":"http:\/\/euroklimat.com.vn\/home\/wp-content\/uploads\/2021\/04\/stabilimento1-300x200.jpg","datePublished":"2021-04-13T07:15:50+00:00","dateModified":"2021-04-13T16:09:09+00:00","breadcrumb":{"@id":"https:\/\/euroklimat.com.vn\/home\/about-us\/our-plants-quality-management\/#breadcrumb"},"inLanguage":"vi","potentialAction":[{"@type":"ReadAction","target":["https:\/\/euroklimat.com.vn\/home\/about-us\/our-plants-quality-management\/"]}]},{"@type":"ImageObject","inLanguage":"vi","@id":"https:\/\/euroklimat.com.vn\/home\/about-us\/our-plants-quality-management\/#primaryimage","url":"https:\/\/euroklimat.com.vn\/home\/wp-content\/uploads\/2021\/04\/stabilimento1.jpg","contentUrl":"https:\/\/euroklimat.com.vn\/home\/wp-content\/uploads\/2021\/04\/stabilimento1.jpg","width":500,"height":333},{"@type":"BreadcrumbList","@id":"https:\/\/euroklimat.com.vn\/home\/about-us\/our-plants-quality-management\/#breadcrumb","itemListElement":[{"@type":"ListItem","position":1,"name":"Trang ch\u1ee7","item":"https:\/\/euroklimat.com.vn\/home\/"},{"@type":"ListItem","position":2,"name":"ABOUT US","item":"https:\/\/euroklimat.com.vn\/home\/about-us\/"},{"@type":"ListItem","position":3,"name":"OUR PLANTS &#038; QUALITY"}]},{"@type":"WebSite","@id":"https:\/\/euroklimat.com.vn\/home\/#website","url":"https:\/\/euroklimat.com.vn\/home\/","name":"Euroklimat Vi\u1ec7t Nam","description":"\u0110i\u1ec1u h\u00f2a Euroklimat | \u0110i\u1ec1u h\u00f2a EK | \u0110i\u1ec1u h\u00f2a trung t\u00e2m Euroklimat | \u0110i\u1ec1u h\u00f2a ch\u00ednh x\u00e1c Euroklimat","potentialAction":[{"@type":"SearchAction","target":{"@type":"EntryPoint","urlTemplate":"https:\/\/euroklimat.com.vn\/home\/?s={search_term_string}"},"query-input":{"@type":"PropertyValueSpecification","valueRequired":true,"valueName":"search_term_string"}}],"inLanguage":"vi"}]}},"_links":{"self":[{"href":"https:\/\/euroklimat.com.vn\/home\/wp-json\/wp\/v2\/pages\/118","targetHints":{"allow":["GET"]}}],"collection":[{"href":"https:\/\/euroklimat.com.vn\/home\/wp-json\/wp\/v2\/pages"}],"about":[{"href":"https:\/\/euroklimat.com.vn\/home\/wp-json\/wp\/v2\/types\/page"}],"author":[{"embeddable":true,"href":"https:\/\/euroklimat.com.vn\/home\/wp-json\/wp\/v2\/users\/1"}],"replies":[{"embeddable":true,"href":"https:\/\/euroklimat.com.vn\/home\/wp-json\/wp\/v2\/comments?post=118"}],"version-history":[{"count":2,"href":"https:\/\/euroklimat.com.vn\/home\/wp-json\/wp\/v2\/pages\/118\/revisions"}],"predecessor-version":[{"id":131,"href":"https:\/\/euroklimat.com.vn\/home\/wp-json\/wp\/v2\/pages\/118\/revisions\/131"}],"up":[{"embeddable":true,"href":"https:\/\/euroklimat.com.vn\/home\/wp-json\/wp\/v2\/pages\/114"}],"wp:attachment":[{"href":"https:\/\/euroklimat.com.vn\/home\/wp-json\/wp\/v2\/media?parent=118"}],"curies":[{"name":"wp","href":"https:\/\/api.w.org\/{rel}","templated":true}]}}